{"id":367,"date":"2017-10-07T13:51:15","date_gmt":"2017-10-07T13:51:15","guid":{"rendered":"http:\/\/astrophytum.com\/?page_id=367"},"modified":"2019-02-11T17:18:01","modified_gmt":"2019-02-11T17:18:01","slug":"westlich-von-parras","status":"publish","type":"page","link":"https:\/\/astrophytum.com\/?page_id=367","title":{"rendered":"Westlich von Parras"},"content":{"rendered":"\n<p>Habitat: Coahuila<br>Westlich der Stadt Parras gelegen  H\u00f6he \u00fc.d.Meer: 1133 &#8211; 1477 Meter   <br>Pflanzenk\u00f6rper: Aufrechte Pflanzen bis zu 35 cm hohe Einzelst\u00fccke.  Exemplare mit derber, gerader und stechender Bedornung wechseln sich mit Pflanzen mit heller, harter, bizarr gebogener Bedornung ab. Beflockung: Feine, kleine wei\u00dfe,  im unteren Teil der Pflanze abgefallene Wollflocken.<br>Bl\u00fcte: Dottergelb mit kr\u00e4ftig rotem Schlund. Durchmesser  bis 8,0 cm Samen: gro\u00df<\/p>\n\n\n<p><div id=\"attachment_368\" style=\"width: 550px\" class=\"wp-caption alignnone\"><img loading=\"lazy\" decoding=\"async\" aria-describedby=\"caption-attachment-368\" width=\"540\" height=\"405\" class=\"size-large wp-image-368\" alt=\"\" src=\"https:\/\/astrophytum.com\/wp-content\/uploads\/2017\/10\/P1050907-1024x768.jpg\" srcset=\"https:\/\/astrophytum.com\/wp-content\/uploads\/2017\/10\/P1050907-1024x768.jpg 1024w, https:\/\/astrophytum.com\/wp-content\/uploads\/2017\/10\/P1050907-300x225.jpg 300w, https:\/\/astrophytum.com\/wp-content\/uploads\/2017\/10\/P1050907-768x576.jpg 768w\" sizes=\"auto, (max-width: 540px) 100vw, 540px\" \/><p id=\"caption-attachment-368\" class=\"wp-caption-text\"><em>Astrophytum capricorne var. capricorne<\/em> westl. von Parras, COAH<\/p><\/div><br>\n<div id=\"attachment_369\" style=\"width: 550px\" class=\"wp-caption alignnone\"><img loading=\"lazy\" decoding=\"async\" aria-describedby=\"caption-attachment-369\" width=\"540\" height=\"405\" class=\"size-large wp-image-369\" alt=\"\" src=\"https:\/\/astrophytum.com\/wp-content\/uploads\/2017\/10\/P1050910-1024x768.jpg\" srcset=\"https:\/\/astrophytum.com\/wp-content\/uploads\/2017\/10\/P1050910-1024x768.jpg 1024w, https:\/\/astrophytum.com\/wp-content\/uploads\/2017\/10\/P1050910-300x225.jpg 300w, https:\/\/astrophytum.com\/wp-content\/uploads\/2017\/10\/P1050910-768x576.jpg 768w\" sizes=\"auto, (max-width: 540px) 100vw, 540px\" \/><p id=\"caption-attachment-369\" class=\"wp-caption-text\"><em>Astrophytum capricorne var. capricorne<\/em> westl. von Parras, COAH<\/p><\/div><br>\n<div id=\"attachment_370\" style=\"width: 550px\" class=\"wp-caption alignnone\"><img loading=\"lazy\" decoding=\"async\" aria-describedby=\"caption-attachment-370\" width=\"540\" height=\"405\" class=\"size-large wp-image-370\" alt=\"\" src=\"https:\/\/astrophytum.com\/wp-content\/uploads\/2017\/10\/DSCN2941-1024x768.jpg\" srcset=\"https:\/\/astrophytum.com\/wp-content\/uploads\/2017\/10\/DSCN2941-1024x768.jpg 1024w, https:\/\/astrophytum.com\/wp-content\/uploads\/2017\/10\/DSCN2941-300x225.jpg 300w, https:\/\/astrophytum.com\/wp-content\/uploads\/2017\/10\/DSCN2941-768x576.jpg 768w, https:\/\/astrophytum.com\/wp-content\/uploads\/2017\/10\/DSCN2941.jpg 2048w\" sizes=\"auto, (max-width: 540px) 100vw, 540px\" \/><p id=\"caption-attachment-370\" class=\"wp-caption-text\"><em>Astrophytum capricorne var. capricorne<\/em> westl. von Parras, COAH<\/p><\/div><br>\n<div id=\"attachment_371\" style=\"width: 550px\" class=\"wp-caption alignnone\"><img loading=\"lazy\" decoding=\"async\" aria-describedby=\"caption-attachment-371\" width=\"540\" height=\"405\" class=\"size-large wp-image-371\" alt=\"\" src=\"https:\/\/astrophytum.com\/wp-content\/uploads\/2017\/10\/DSCN2934-1024x768.jpg\" srcset=\"https:\/\/astrophytum.com\/wp-content\/uploads\/2017\/10\/DSCN2934-1024x768.jpg 1024w, https:\/\/astrophytum.com\/wp-content\/uploads\/2017\/10\/DSCN2934-300x225.jpg 300w, https:\/\/astrophytum.com\/wp-content\/uploads\/2017\/10\/DSCN2934-768x576.jpg 768w, https:\/\/astrophytum.com\/wp-content\/uploads\/2017\/10\/DSCN2934.jpg 2048w\" sizes=\"auto, (max-width: 540px) 100vw, 540px\" \/><p id=\"caption-attachment-371\" class=\"wp-caption-text\"><em>Astrophytum capricorne var. capricorne<\/em> westl. von Parras, COAH<\/p><\/div><br>\n<div id=\"attachment_372\" style=\"width: 550px\" class=\"wp-caption alignnone\"><img loading=\"lazy\" decoding=\"async\" aria-describedby=\"caption-attachment-372\" width=\"540\" height=\"405\" class=\"size-large wp-image-372\" alt=\"\" src=\"https:\/\/astrophytum.com\/wp-content\/uploads\/2017\/10\/DSCN2937-1024x768.jpg\" srcset=\"https:\/\/astrophytum.com\/wp-content\/uploads\/2017\/10\/DSCN2937-1024x768.jpg 1024w, https:\/\/astrophytum.com\/wp-content\/uploads\/2017\/10\/DSCN2937-300x225.jpg 300w, https:\/\/astrophytum.com\/wp-content\/uploads\/2017\/10\/DSCN2937-768x576.jpg 768w, https:\/\/astrophytum.com\/wp-content\/uploads\/2017\/10\/DSCN2937.jpg 2048w\" sizes=\"auto, (max-width: 540px) 100vw, 540px\" \/><p id=\"caption-attachment-372\" class=\"wp-caption-text\"><em>Astrophytum capricorne var. capricorne<\/em> westl. von Parras, COAH<\/p><\/div><br>\n<div id=\"attachment_373\" style=\"width: 550px\" class=\"wp-caption alignnone\"><img loading=\"lazy\" decoding=\"async\" aria-describedby=\"caption-attachment-373\" width=\"540\" height=\"405\" class=\"size-large wp-image-373\" alt=\"\" src=\"https:\/\/astrophytum.com\/wp-content\/uploads\/2017\/10\/DSCN2944-1024x768.jpg\" srcset=\"https:\/\/astrophytum.com\/wp-content\/uploads\/2017\/10\/DSCN2944-1024x768.jpg 1024w, https:\/\/astrophytum.com\/wp-content\/uploads\/2017\/10\/DSCN2944-300x225.jpg 300w, https:\/\/astrophytum.com\/wp-content\/uploads\/2017\/10\/DSCN2944-768x576.jpg 768w, https:\/\/astrophytum.com\/wp-content\/uploads\/2017\/10\/DSCN2944.jpg 2048w\" sizes=\"auto, (max-width: 540px) 100vw, 540px\" \/><p id=\"caption-attachment-373\" class=\"wp-caption-text\"><em>Astrophytum capricorne var. capricorne<\/em> westl. von Parras, COAH<\/p><\/div><br>\n<div id=\"attachment_374\" style=\"width: 550px\" class=\"wp-caption alignnone\"><img loading=\"lazy\" decoding=\"async\" aria-describedby=\"caption-attachment-374\" width=\"540\" height=\"405\" class=\"size-large wp-image-374\" alt=\"\" src=\"https:\/\/astrophytum.com\/wp-content\/uploads\/2017\/10\/DSCN2946-1024x768.jpg\" srcset=\"https:\/\/astrophytum.com\/wp-content\/uploads\/2017\/10\/DSCN2946-1024x768.jpg 1024w, https:\/\/astrophytum.com\/wp-content\/uploads\/2017\/10\/DSCN2946-300x225.jpg 300w, https:\/\/astrophytum.com\/wp-content\/uploads\/2017\/10\/DSCN2946-768x576.jpg 768w, https:\/\/astrophytum.com\/wp-content\/uploads\/2017\/10\/DSCN2946.jpg 2048w\" sizes=\"auto, (max-width: 540px) 100vw, 540px\" \/><p id=\"caption-attachment-374\" class=\"wp-caption-text\"><em>Astrophytum capricorne var. capricorne<\/em> westl. von Parras, COAH<\/p><\/div><\/p>","protected":false},"excerpt":{"rendered":"<p>Habitat: CoahuilaWestlich der Stadt Parras gelegen H\u00f6he \u00fc.d.Meer: 1133 &#8211; 1477 Meter Pflanzenk\u00f6rper: Aufrechte Pflanzen bis zu 35 cm hohe Einzelst\u00fccke. Exemplare mit derber, gerader und stechender Bedornung wechseln sich mit Pflanzen mit heller, harter, bizarr gebogener Bedornung ab. Beflockung: <a class=\"more-link\" href=\"https:\/\/astrophytum.com\/?page_id=367\">weiterlesen&#8230;<\/a><\/p>\n","protected":false},"author":1,"featured_media":0,"parent":350,"menu_order":0,"comment_status":"closed","ping_status":"closed","template":"","meta":{"footnotes":""},"class_list":["post-367","page","type-page","status-publish","hentry"],"_links":{"self":[{"href":"https:\/\/astrophytum.com\/index.php?rest_route=\/wp\/v2\/pages\/367","targetHints":{"allow":["GET"]}}],"collection":[{"href":"https:\/\/astrophytum.com\/index.php?rest_route=\/wp\/v2\/pages"}],"about":[{"href":"https:\/\/astrophytum.com\/index.php?rest_route=\/wp\/v2\/types\/page"}],"author":[{"embeddable":true,"href":"https:\/\/astrophytum.com\/index.php?rest_route=\/wp\/v2\/users\/1"}],"replies":[{"embeddable":true,"href":"https:\/\/astrophytum.com\/index.php?rest_route=%2Fwp%2Fv2%2Fcomments&post=367"}],"version-history":[{"count":5,"href":"https:\/\/astrophytum.com\/index.php?rest_route=\/wp\/v2\/pages\/367\/revisions"}],"predecessor-version":[{"id":1027,"href":"https:\/\/astrophytum.com\/index.php?rest_route=\/wp\/v2\/pages\/367\/revisions\/1027"}],"up":[{"embeddable":true,"href":"https:\/\/astrophytum.com\/index.php?rest_route=\/wp\/v2\/pages\/350"}],"wp:attachment":[{"href":"https:\/\/astrophytum.com\/index.php?rest_route=%2Fwp%2Fv2%2Fmedia&parent=367"}],"curies":[{"name":"wp","href":"https:\/\/api.w.org\/{rel}","templated":true}]}}